s 2400 a multiple of 12?
True
Is 19943 a multiple of 37?
True
Is 167 a factor of 580218?
False
Does 19 divide 984127?
False
Is 222 a factor of 252192?
True
Does 18 divide 119342?
False
Is 1554666 a multiple of 447?
True
Is 25 a factor of 135500?
True
Does 17 divide 160904?
False
Is 44 a factor of 41075?
False
Is 17346192 a multiple of 37?
True
Does 29 divide 821419?
False
Is 16 a factor of 34634?
False
Is 53 a factor of 213908?
True
Does 26 divide 21985939?
False
Does 36 divide 143689?
False
Is 2 a factor of 3699?
False
Does 574 divide 932814?
False
Is 83 a factor of 8428069?
True
Does 416 divide 79872?
True
Does 4 divide 176157?
False
Is 562794 a multiple of 4?
False
Is 15796885 a multiple of 13?
True
Is 20 a factor of 260465?
False
Does 494 divide 1801618?
True
Does 47 divide 58280?
True
Does 18 divide 156636?
True
Does 6 divide 5362834?
False
Is 362 a factor of 878411?
False
Is 12836202 a multiple of 619?
False
Is 123943 a multiple of 118?
False
Is 154737 a multiple of 37?
False
Is 31 a factor of 1004617?
True
Is 13869412 a multiple of 40?
False
Is 15 a factor of 41882?
False
Does 33 divide 13101?
True
Is 107 a factor of 80571?
True
Is 23 a factor of 166388?
False
Does 2 divide 184533?
False
Does 15 divide 82406?
False
Is 10199128 a multiple of 2222?
False
Is 13532543 a multiple of 115?
False
Is 94 a factor of 25004?
True
Does 17 divide 5823180?
True
Does 11 divide 66616?
True
Does 258 divide 4404318?
True
Does 25 divide 394325?
True
Is 10656769 a multiple of 279?
False
Is 168182 a multiple of 17?
False
Does 16 divide 762512?
True
Is 15 a factor of 291630?
True
Is 1055964 a multiple of 26?
True
Is 31 a factor of 612858?
False
Is 1295587 a multiple of 4?
False
Is 219201 a multiple of 396?
False
Is 1300233 a multiple of 123?
True
Does 9 divide 37796?
False
Does 684 divide 64301?
False
Is 5 a factor of 329965?
True
Does 302 divide 12789398?
True
Is 6 a factor of 1015242?
True
Does 574 divide 41004299?
False
Is 341 a factor of 690525?
True
Is 3 a factor of 635112?
True
Is 1758097 a multiple of 496?
False
Does 25 divide 378000?
True
Does 170 divide 126820?
True
Does 15 divide 942405?
True
Is 173732 a multiple of 514?
True
Is 15 a factor of 1537275?
True
Does 4 divide 965162?
False
Does 7 divide 1862861?
True
Is 464360 a multiple of 65?
True
Is 8 a factor of 536384?
True
Is 135207 a multiple of 181?
True
Is 5178734 a multiple of 354?
False
Does 271 divide 15197059?
False
Does 8 divide 3437598?
False
Is 893360 a multiple of 65?
True
Is 219 a factor of 287332?
False
Does 26 divide 24831?
False
Is 9 a factor of 185220?
True
Is 16 a factor of 1295343?
False
Does 190 divide 529223?
False
Is 18 a factor of 11096472?
False
Is 3590446 a multiple of 299?
False
Is 46440 a multiple of 60?
True
Is 106 a factor of 397182?
True
Is 146 a factor of 235790?
True
Is 5623288 a multiple of 9?
False
Is 541 a factor of 1052786?
True
Is 21 a factor of 1901025?
True
Is 798 a factor of 3697826?
False
Is 235835 a multiple of 101?
True
Does 159 divide 1093038?
False
Is 1225425 a multiple of 572?
False
Is 17126 a multiple of 86?
False
Is 14 a factor of 305041?
False
Is 415 a factor of 307515?
True
Is 148225 a multiple of 34?
False
Is 731012 a multiple of 11?
False
Does 17 divide 1039210?
True
Is 112200 a multiple of 510?
True
Is 20 a factor of 288666?
False
Is 290438 a multiple of 174?
False
Is 2986788 a multiple of 7?
True
Is 256827 a multiple of 69?
False
Is 263089 even?
False
Is 60 a factor of 237415?
False
Is 85020 a multiple of 30?
True
Is 1452094 a multiple of 106?
True
Is 11 a factor of 82874?
True
Is 52 a factor of 91429?
False
Is 13 a factor of 117546?
True
Is 5057715 a multiple of 481?
True
Is 422894 a multiple of 353?
True
Does 20 divide 302080?
True
Is 485218 a multiple of 32?
False
Is 1209938 a multiple of 88?
False
Is 75735 a multiple of 27?
True
Does 5 divide 53320?
True
Does 258 divide 3572661?
False
Does 111 divide 2467974?
True
Is 247 a factor of 143507?
True
Is 652 a factor of 2888360?
True
Is 4 a factor of 176556?
True
Does 6 divide 102467?
False
Does 105 divide 329804?
False
Is 188100 a multiple of 3?
True
Is 5501925 a multiple of 135?
True
Is 551 a factor of 3043173?
True
Is 4921312 a multiple of 328?
True
Does 12 divide 231132?
True
Does 10 divide 278577?
False
Is 305028 a multiple of 18?
True
Is 893095 a multiple of 119?
True
Does 11 divide 1138891?
False
Does 457 divide 1089667?
False
Is 1193500 a multiple of 37?
False
Does 200 divide 113964?
False
Is 2 a factor of 48340?
True
Is 196302 a multiple of 17?
False
Does 7 divide 1188513?
False
Does 650 divide 347888?
False
Does 8 divide 1071541?
False
Is 383385 a multiple of 61?
True
Does 34 divide 348239?
False
Is 346173 a multiple of 62?
False
Does 75 divide 2239292?
False
Is 110166 a multiple of 14?
True
Is 3 a factor of 268498?
False
Does 88 divide 832413?
False
Is 1847519 a multiple of 85?
False
Is 470 a factor of 671630?
True
Does 6 divide 1748976?
True
Is 6167877 a multiple of 700?
False
Is 1655715 a multiple of 255?
True
Does 193 divide 62918?
True
Is 31 a factor of 258199?
True
Does 115 divide 805?
True
Does 76 divide 1115059?
False
Does 9 divide 77484?
False
Does 232 divide 7192?
True
Is 39530 a multiple of 67?
True
Does 1498 divide 13340831?
False
Does 4 divide 1588848?
True
Is 141840 a multiple of 20?
True
Is 10 a factor of 1483373?
False
Does 26 divide 176352?
False
Is 88 a factor of 396470?
False
Is 1906944 a multiple of 104?
True
Is 60 a factor of 333116?
False
Is 40 a factor of 141120?
True
Is 4947462 a multiple of 26?
True
Does 14 divide 135660?
True
Is 14948 a multiple of 14?
False
Is 122660 a multiple of 20?
True
Is 31856 a multiple of 44?
True
Is 1490580 a multiple of 60?
True
Does 107 divide 265168?
False
Does 692 divide 1433132?
True
Is 15990115 a multiple of 323?
True
Does 6 divide 360716?
False
Is 108836 a multiple of 299?
True
Is 12 a factor of 3535212?
True
Is 44795 a multiple of 85?
True
Is 313175 a multiple of 6?
False
Does 8 divide 5321168?
True
Is 109 a factor of 388403?
False
Does 18 divide 306439?
False
Is 33 a factor of 2689408?
False
Is 162 a factor of 112428?
True
Is 10 a factor of 75740?
True
Does 20 divide 5311?
False
Does 101 divide 9192556?
False
Is 46 a factor of 3576316?
True
Is 240198 a multiple of 7?
True
Is 196911 a multiple of 143?
True
Is 859024 a multiple of 848?
True
Does 2 divide 9624?
True
Is 690459 a multiple of 382?
False
Does 13 divide 814361?
False
Is 90 a factor of 479250?
True
Is 1903876 a multiple of 731?
False
Is 1647317 a multiple of 119?
True
Is 612 a factor of 14202684?
True
Does 90 divide 1147680?
True
Is 11 a factor of 53754?
False
Is 455395 a multiple of 14?
False
Is 899668 a multiple of 77?
True
Does 17 divide 3485816?
True
Is 24 a factor of 451704?
True
Does 10 divide 12773157?
False
Is 267980 a multiple of 10?
True
Does 362 divide 182113?
False
Is 306419 a multiple of 23?
False
Is 260315 a multiple of 13?
False
Is 8560134 a multiple of 472?
False
Is 38468 a multiple of 163?
True
Is 56061 a multiple of 3?
True
Is 1038779 a multiple of 31?
True
Is 1583 a multiple of 72?
False
Is 72277 a multiple of 67?
False
Is 34 a factor of 14540134?
True
Does 60 divide 3313500?
True
Is 892410 a multiple of 30?
True
Is 18 a factor of 2603178?
True
Does 311 divide 115988?
False
Is 6 a factor of 5143864?
False
Is 20 a factor of 274951?
False
Is 150000 a multiple of 40?
True
Is 154052 a multiple of 46?
False
Is 15 a factor of 365583?
False
Is 65 a factor of 149106?
False
Is 2516022 a multiple of 62?
True
Does 26 divide 139932?
True
Is 296704 a multiple of 304?
True
Is 87 a factor of 2973097?
False
Is 42543 a multiple of 261?
True
Is 2279 a factor of 9036154?
False
Is 728342 a multiple of 125?
False
Is 65 a factor of 79560?
True
Is 12 a factor of 62146?
False
Does 209 divide 1325687?
True
Is 88 a factor of 595098?
False
Is 829 a factor of 664858?
True
Is 9 a factor of 501984?
True
Does 100 divide 119000?
True
Does 30 divide 7649430?
True
Is 23 a factor of 5999994?
False
Does 19 divide 75563?
True
Is 1435496 a multiple of 2?
True
Does 306 divide 1007311?
False
Does 15 divide 200355?
True
Is 7 a factor of 151715?
False
Does 29 divide 27125?
False
Does 1190 divide 555730?
True
Does 56 divide 168382?
False
Is 18140 a multiple of 4?
True
Is 102 a factor of 20